{"id":23,"date":"2020-03-28T20:19:58","date_gmt":"2020-03-28T19:19:58","guid":{"rendered":"http:\/\/jamaissansmesbottes.fr\/?page_id=23"},"modified":"2024-04-09T17:51:28","modified_gmt":"2024-04-09T15:51:28","slug":"vente-a-la-ferme","status":"publish","type":"page","link":"http:\/\/jamaissansmesbottes.fr\/index.php\/vente-a-la-ferme\/","title":{"rendered":"Vente \u00e0 la ferme"},"content":{"rendered":"\n<figure class=\"wp-block-image size-large\"><img decoding=\"async\" loading=\"lazy\" width=\"1024\" height=\"471\" src=\"http:\/\/jamaissansmesbottes.fr\/wp-content\/uploads\/2023\/08\/IMG20230605095847-1024x471.jpg\" alt=\"\" class=\"wp-image-141\" srcset=\"http:\/\/jamaissansmesbottes.fr\/wp-content\/uploads\/2023\/08\/IMG20230605095847-1024x471.jpg 1024w, http:\/\/jamaissansmesbottes.fr\/wp-content\/uploads\/2023\/08\/IMG20230605095847-300x138.jpg 300w, http:\/\/jamaissansmesbottes.fr\/wp-content\/uploads\/2023\/08\/IMG20230605095847-768x353.jpg 768w, http:\/\/jamaissansmesbottes.fr\/wp-content\/uploads\/2023\/08\/IMG20230605095847-1536x707.jpg 1536w, http:\/\/jamaissansmesbottes.fr\/wp-content\/uploads\/2023\/08\/IMG20230605095847-2048x942.jpg 2048w\" sizes=\"(max-width: 1024px) 100vw, 1024px\" \/><\/figure>\n\n\n\n<p class=\"has-text-align-center has-large-font-size\"><\/p>\n\n\n\n<p> Le march\u00e9 \u00e0 la ferme est actuellement ferm\u00e9. Nous vous tiendrons inform\u00e9 de la suite des \u00e9v\u00e9nements via ce site et notre newsletter pour les inscrits.<\/p>\n\n\n\n<p> Vous pouvez toujours retrouver nos l\u00e9gumes sur l&rsquo;\u00e9tal de Botanic \u00e0 Montbonnot Saint Martin, Biocoop \u00e0 Crolles, La Bonne Pioche \u00e0 Meylan et Grenoble, &#8230;<\/p>\n\n\n\n<p><br>L&rsquo;\u00e9quipe de la Ferme<\/p>\n\n\n\n<figure class=\"wp-block-gallery has-nested-images columns-default is-cropped wp-block-gallery-1 is-layout-flex\">\n<figure class=\"wp-block-image size-large\"><img decoding=\"async\" loading=\"lazy\" width=\"680\" height=\"1024\" data-id=\"28\"  src=\"http:\/\/jamaissansmesbottes.fr\/wp-content\/uploads\/2020\/03\/Carottes-2-680x1024.jpg\" alt=\"\" class=\"wp-image-28\" srcset=\"http:\/\/jamaissansmesbottes.fr\/wp-content\/uploads\/2020\/03\/Carottes-2-680x1024.jpg 680w, http:\/\/jamaissansmesbottes.fr\/wp-content\/uploads\/2020\/03\/Carottes-2-199x300.jpg 199w, http:\/\/jamaissansmesbottes.fr\/wp-content\/uploads\/2020\/03\/Carottes-2-768x1156.jpg 768w, http:\/\/jamaissansmesbottes.fr\/wp-content\/uploads\/2020\/03\/Carottes-2-1020x1536.jpg 1020w, http:\/\/jamaissansmesbottes.fr\/wp-content\/uploads\/2020\/03\/Carottes-2-1360x2048.jpg 1360w, http:\/\/jamaissansmesbottes.fr\/wp-content\/uploads\/2020\/03\/Carottes-2.jpg 1600w\" sizes=\"(max-width: 680px) 100vw, 680px\" \/><\/figure>\n\n\n\n<figure class=\"wp-block-image size-large\"><img decoding=\"async\" loading=\"lazy\" width=\"680\" height=\"1024\" data-id=\"29\"  src=\"http:\/\/jamaissansmesbottes.fr\/wp-content\/uploads\/2020\/03\/betteraves-1-680x1024.jpg\" alt=\"\" class=\"wp-image-29\" srcset=\"http:\/\/jamaissansmesbottes.fr\/wp-content\/uploads\/2020\/03\/betteraves-1-680x1024.jpg 680w, http:\/\/jamaissansmesbottes.fr\/wp-content\/uploads\/2020\/03\/betteraves-1-199x300.jpg 199w, http:\/\/jamaissansmesbottes.fr\/wp-content\/uploads\/2020\/03\/betteraves-1-768x1156.jpg 768w, http:\/\/jamaissansmesbottes.fr\/wp-content\/uploads\/2020\/03\/betteraves-1-1020x1536.jpg 1020w, http:\/\/jamaissansmesbottes.fr\/wp-content\/uploads\/2020\/03\/betteraves-1-1360x2048.jpg 1360w, http:\/\/jamaissansmesbottes.fr\/wp-content\/uploads\/2020\/03\/betteraves-1.jpg 1600w\" sizes=\"(max-width: 680px) 100vw, 680px\" \/><\/figure>\n\n\n\n<figure class=\"wp-block-image size-large\"><img decoding=\"async\" loading=\"lazy\" width=\"680\" height=\"1024\" data-id=\"27\"  src=\"http:\/\/jamaissansmesbottes.fr\/wp-content\/uploads\/2020\/03\/radis-680x1024.jpg\" alt=\"\" class=\"wp-image-27\" srcset=\"http:\/\/jamaissansmesbottes.fr\/wp-content\/uploads\/2020\/03\/radis-680x1024.jpg 680w, http:\/\/jamaissansmesbottes.fr\/wp-content\/uploads\/2020\/03\/radis-199x300.jpg 199w, http:\/\/jamaissansmesbottes.fr\/wp-content\/uploads\/2020\/03\/radis-768x1156.jpg 768w, http:\/\/jamaissansmesbottes.fr\/wp-content\/uploads\/2020\/03\/radis-1020x1536.jpg 1020w, http:\/\/jamaissansmesbottes.fr\/wp-content\/uploads\/2020\/03\/radis.jpg 1280w\" sizes=\"(max-width: 680px) 100vw, 680px\" \/><\/figure>\n<\/figure>\n\n\n\n<p><\/p>\n","protected":false},"excerpt":{"rendered":"<div class=\"entry-summary\">\nLe march\u00e9 \u00e0 la ferme est actuellement ferm\u00e9. Nous vous tiendrons inform\u00e9&hellip;\n<\/div>\n<div class=\"link-more\"><a href=\"http:\/\/jamaissansmesbottes.fr\/index.php\/vente-a-la-ferme\/\" class=\"more-link\">Continue reading<span class=\"screen-reader-text\"> &ldquo;Vente \u00e0 la ferme&rdquo;<\/span>&hellip;<\/a><\/div>\n","protected":false},"author":1,"featured_media":0,"parent":0,"menu_order":0,"comment_status":"closed","ping_status":"closed","template":"page-template\/_fullwidth.php","meta":[],"yoast_head":"<!-- This site is optimized with the Yoast SEO plugin v20.4 - https:\/\/yoast.com\/wordpress\/plugins\/seo\/ -->\n<title>Vente \u00e0 la ferme - Jamais sans mes bottes<\/title>\n<meta name=\"robots\" content=\"index, follow, max-snippet:-1, max-image-preview:large, max-video-preview:-1\" \/>\n<link rel=\"canonical\" href=\"http:\/\/jamaissansmesbottes.fr\/index.php\/vente-a-la-ferme\/\" \/>\n<meta property=\"og:locale\" content=\"fr_FR\" \/>\n<meta property=\"og:type\" content=\"article\" \/>\n<meta property=\"og:title\" content=\"Vente \u00e0 la ferme - Jamais sans mes bottes\" \/>\n<meta property=\"og:description\" content=\"Le march\u00e9 \u00e0 la ferme est actuellement ferm\u00e9. Nous vous tiendrons inform\u00e9&hellip; Continue reading &ldquo;Vente \u00e0 la ferme&rdquo;&hellip;\" \/>\n<meta property=\"og:url\" content=\"http:\/\/jamaissansmesbottes.fr\/index.php\/vente-a-la-ferme\/\" \/>\n<meta property=\"og:site_name\" content=\"Jamais sans mes bottes\" \/>\n<meta property=\"article:modified_time\" content=\"2024-04-09T15:51:28+00:00\" \/>\n<meta property=\"og:image\" content=\"http:\/\/jamaissansmesbottes.fr\/wp-content\/uploads\/2023\/08\/IMG20230605095847-1024x471.jpg\" \/>\n<meta name=\"twitter:card\" content=\"summary_large_image\" \/>\n<meta name=\"twitter:label1\" content=\"Dur\u00e9e de lecture estim\u00e9e\" \/>\n\t<meta name=\"twitter:data1\" content=\"2 minutes\" \/>\n<script type=\"application\/ld+json\" class=\"yoast-schema-graph\">{\"@context\":\"https:\/\/schema.org\",\"@graph\":[{\"@type\":\"WebPage\",\"@id\":\"http:\/\/jamaissansmesbottes.fr\/index.php\/vente-a-la-ferme\/\",\"url\":\"http:\/\/jamaissansmesbottes.fr\/index.php\/vente-a-la-ferme\/\",\"name\":\"Vente \u00e0 la ferme - Jamais sans mes bottes\",\"isPartOf\":{\"@id\":\"https:\/\/jamaissansmesbottes.fr\/#website\"},\"datePublished\":\"2020-03-28T19:19:58+00:00\",\"dateModified\":\"2024-04-09T15:51:28+00:00\",\"breadcrumb\":{\"@id\":\"http:\/\/jamaissansmesbottes.fr\/index.php\/vente-a-la-ferme\/#breadcrumb\"},\"inLanguage\":\"fr-FR\",\"potentialAction\":[{\"@type\":\"ReadAction\",\"target\":[\"http:\/\/jamaissansmesbottes.fr\/index.php\/vente-a-la-ferme\/\"]}]},{\"@type\":\"BreadcrumbList\",\"@id\":\"http:\/\/jamaissansmesbottes.fr\/index.php\/vente-a-la-ferme\/#breadcrumb\",\"itemListElement\":[{\"@type\":\"ListItem\",\"position\":1,\"name\":\"Accueil\",\"item\":\"https:\/\/jamaissansmesbottes.fr\/\"},{\"@type\":\"ListItem\",\"position\":2,\"name\":\"Vente \u00e0 la ferme\"}]},{\"@type\":\"WebSite\",\"@id\":\"https:\/\/jamaissansmesbottes.fr\/#website\",\"url\":\"https:\/\/jamaissansmesbottes.fr\/\",\"name\":\"Jamais sans mes bottes\",\"description\":\"\",\"publisher\":{\"@id\":\"https:\/\/jamaissansmesbottes.fr\/#organization\"},\"potentialAction\":[{\"@type\":\"SearchAction\",\"target\":{\"@type\":\"EntryPoint\",\"urlTemplate\":\"https:\/\/jamaissansmesbottes.fr\/?s={search_term_string}\"},\"query-input\":\"required name=search_term_string\"}],\"inLanguage\":\"fr-FR\"},{\"@type\":\"Organization\",\"@id\":\"https:\/\/jamaissansmesbottes.fr\/#organization\",\"name\":\"jamais sans mes bottes\",\"url\":\"https:\/\/jamaissansmesbottes.fr\/\",\"logo\":{\"@type\":\"ImageObject\",\"inLanguage\":\"fr-FR\",\"@id\":\"https:\/\/jamaissansmesbottes.fr\/#\/schema\/logo\/image\/\",\"url\":\"http:\/\/jamaissansmesbottes.fr\/wp-content\/uploads\/2020\/03\/JSMB.jpg\",\"contentUrl\":\"http:\/\/jamaissansmesbottes.fr\/wp-content\/uploads\/2020\/03\/JSMB.jpg\",\"width\":2538,\"height\":1863,\"caption\":\"jamais sans mes bottes\"},\"image\":{\"@id\":\"https:\/\/jamaissansmesbottes.fr\/#\/schema\/logo\/image\/\"}}]}<\/script>\n<!-- \/ Yoast SEO plugin. -->","yoast_head_json":{"title":"Vente \u00e0 la ferme - Jamais sans mes bottes","robots":{"index":"index","follow":"follow","max-snippet":"max-snippet:-1","max-image-preview":"max-image-preview:large","max-video-preview":"max-video-preview:-1"},"canonical":"http:\/\/jamaissansmesbottes.fr\/index.php\/vente-a-la-ferme\/","og_locale":"fr_FR","og_type":"article","og_title":"Vente \u00e0 la ferme - Jamais sans mes bottes","og_description":"Le march\u00e9 \u00e0 la ferme est actuellement ferm\u00e9. Nous vous tiendrons inform\u00e9&hellip; Continue reading &ldquo;Vente \u00e0 la ferme&rdquo;&hellip;","og_url":"http:\/\/jamaissansmesbottes.fr\/index.php\/vente-a-la-ferme\/","og_site_name":"Jamais sans mes bottes","article_modified_time":"2024-04-09T15:51:28+00:00","og_image":[{"url":"http:\/\/jamaissansmesbottes.fr\/wp-content\/uploads\/2023\/08\/IMG20230605095847-1024x471.jpg"}],"twitter_card":"summary_large_image","twitter_misc":{"Dur\u00e9e de lecture estim\u00e9e":"2 minutes"},"schema":{"@context":"https:\/\/schema.org","@graph":[{"@type":"WebPage","@id":"http:\/\/jamaissansmesbottes.fr\/index.php\/vente-a-la-ferme\/","url":"http:\/\/jamaissansmesbottes.fr\/index.php\/vente-a-la-ferme\/","name":"Vente \u00e0 la ferme - Jamais sans mes bottes","isPartOf":{"@id":"https:\/\/jamaissansmesbottes.fr\/#website"},"datePublished":"2020-03-28T19:19:58+00:00","dateModified":"2024-04-09T15:51:28+00:00","breadcrumb":{"@id":"http:\/\/jamaissansmesbottes.fr\/index.php\/vente-a-la-ferme\/#breadcrumb"},"inLanguage":"fr-FR","potentialAction":[{"@type":"ReadAction","target":["http:\/\/jamaissansmesbottes.fr\/index.php\/vente-a-la-ferme\/"]}]},{"@type":"BreadcrumbList","@id":"http:\/\/jamaissansmesbottes.fr\/index.php\/vente-a-la-ferme\/#breadcrumb","itemListElement":[{"@type":"ListItem","position":1,"name":"Accueil","item":"https:\/\/jamaissansmesbottes.fr\/"},{"@type":"ListItem","position":2,"name":"Vente \u00e0 la ferme"}]},{"@type":"WebSite","@id":"https:\/\/jamaissansmesbottes.fr\/#website","url":"https:\/\/jamaissansmesbottes.fr\/","name":"Jamais sans mes bottes","description":"","publisher":{"@id":"https:\/\/jamaissansmesbottes.fr\/#organization"},"potentialAction":[{"@type":"SearchAction","target":{"@type":"EntryPoint","urlTemplate":"https:\/\/jamaissansmesbottes.fr\/?s={search_term_string}"},"query-input":"required name=search_term_string"}],"inLanguage":"fr-FR"},{"@type":"Organization","@id":"https:\/\/jamaissansmesbottes.fr\/#organization","name":"jamais sans mes bottes","url":"https:\/\/jamaissansmesbottes.fr\/","logo":{"@type":"ImageObject","inLanguage":"fr-FR","@id":"https:\/\/jamaissansmesbottes.fr\/#\/schema\/logo\/image\/","url":"http:\/\/jamaissansmesbottes.fr\/wp-content\/uploads\/2020\/03\/JSMB.jpg","contentUrl":"http:\/\/jamaissansmesbottes.fr\/wp-content\/uploads\/2020\/03\/JSMB.jpg","width":2538,"height":1863,"caption":"jamais sans mes bottes"},"image":{"@id":"https:\/\/jamaissansmesbottes.fr\/#\/schema\/logo\/image\/"}}]}},"_links":{"self":[{"href":"http:\/\/jamaissansmesbottes.fr\/index.php\/wp-json\/wp\/v2\/pages\/23"}],"collection":[{"href":"http:\/\/jamaissansmesbottes.fr\/index.php\/wp-json\/wp\/v2\/pages"}],"about":[{"href":"http:\/\/jamaissansmesbottes.fr\/index.php\/wp-json\/wp\/v2\/types\/page"}],"author":[{"embeddable":true,"href":"http:\/\/jamaissansmesbottes.fr\/index.php\/wp-json\/wp\/v2\/users\/1"}],"replies":[{"embeddable":true,"href":"http:\/\/jamaissansmesbottes.fr\/index.php\/wp-json\/wp\/v2\/comments?post=23"}],"version-history":[{"count":10,"href":"http:\/\/jamaissansmesbottes.fr\/index.php\/wp-json\/wp\/v2\/pages\/23\/revisions"}],"predecessor-version":[{"id":155,"href":"http:\/\/jamaissansmesbottes.fr\/index.php\/wp-json\/wp\/v2\/pages\/23\/revisions\/155"}],"wp:attachment":[{"href":"http:\/\/jamaissansmesbottes.fr\/index.php\/wp-json\/wp\/v2\/media?parent=23"}],"curies":[{"name":"wp","href":"https:\/\/api.w.org\/{rel}","templated":true}]}}

Vente à la ferme

<figure class="wp-block-image size-large"><img decoding="async" loading="lazy" width="1024" height="471" src="http://jamaissansmesbottes.fr/wp-content/uploads/2023/08/IMG20230605095847-1024x471.jpg" alt="" class="wp-image-141" srcset="http://jamaissansmesbottes.fr/wp-content/uploads/2023/08/IMG20230605095847-1024x471.jpg 1024w, http://jamaissansmesbottes.fr/wp-content/uploads/2023/08/IMG20230605095847-300x138.jpg 300w, http://jamaissansmesbottes.fr/wp-content/uploads/2023/08/IMG20230605095847-768x353.jpg 768w, http://jamaissansmesbottes.fr/wp-content/uploads/2023/08/IMG20230605095847-1536x707.jpg 1536w, http://jamaissansmesbottes.fr/wp-content/uploads/2023/08/IMG20230605095847-2048x942.jpg 2048w" sizes="(max-width: 1024px) 100vw, 1024px" /></figure>



<p class="has-text-align-center has-large-font-size"></p>



<p> Le marché à la ferme est actuellement fermé. Nous vous tiendrons informé de la suite des événements via ce site et notre newsletter pour les inscrits.</p>



<p> Vous pouvez toujours retrouver nos légumes sur l&rsquo;étal de Botanic à Montbonnot Saint Martin, Biocoop à Crolles, La Bonne Pioche à Meylan et Grenoble, &#8230;</p>



<p><br>L&rsquo;équipe de la Ferme</p>



<figure class="wp-block-gallery has-nested-images columns-default is-cropped wp-block-gallery-1 is-layout-flex">
<figure class="wp-block-image size-large"><img decoding="async" loading="lazy" width="680" height="1024" data-id="28"  src="http://jamaissansmesbottes.fr/wp-content/uploads/2020/03/Carottes-2-680x1024.jpg" alt="" class="wp-image-28" srcset="http://jamaissansmesbottes.fr/wp-content/uploads/2020/03/Carottes-2-680x1024.jpg 680w, http://jamaissansmesbottes.fr/wp-content/uploads/2020/03/Carottes-2-199x300.jpg 199w, http://jamaissansmesbottes.fr/wp-content/uploads/2020/03/Carottes-2-768x1156.jpg 768w, http://jamaissansmesbottes.fr/wp-content/uploads/2020/03/Carottes-2-1020x1536.jpg 1020w, http://jamaissansmesbottes.fr/wp-content/uploads/2020/03/Carottes-2-1360x2048.jpg 1360w, http://jamaissansmesbottes.fr/wp-content/uploads/2020/03/Carottes-2.jpg 1600w" sizes="(max-width: 680px) 100vw, 680px" /></figure>



<figure class="wp-block-image size-large"><img decoding="async" loading="lazy" width="680" height="1024" data-id="29"  src="http://jamaissansmesbottes.fr/wp-content/uploads/2020/03/betteraves-1-680x1024.jpg" alt="" class="wp-image-29" srcset="http://jamaissansmesbottes.fr/wp-content/uploads/2020/03/betteraves-1-680x1024.jpg 680w, http://jamaissansmesbottes.fr/wp-content/uploads/2020/03/betteraves-1-199x300.jpg 199w, http://jamaissansmesbottes.fr/wp-content/uploads/2020/03/betteraves-1-768x1156.jpg 768w, http://jamaissansmesbottes.fr/wp-content/uploads/2020/03/betteraves-1-1020x1536.jpg 1020w, http://jamaissansmesbottes.fr/wp-content/uploads/2020/03/betteraves-1-1360x2048.jpg 1360w, http://jamaissansmesbottes.fr/wp-content/uploads/2020/03/betteraves-1.jpg 1600w" sizes="(max-width: 680px) 100vw, 680px" /></figure>



<figure class="wp-block-image size-large"><img decoding="async" loading="lazy" width="680" height="1024" data-id="27"  src="http://jamaissansmesbottes.fr/wp-content/uploads/2020/03/radis-680x1024.jpg" alt="" class="wp-image-27" srcset="http://jamaissansmesbottes.fr/wp-content/uploads/2020/03/radis-680x1024.jpg 680w, http://jamaissansmesbottes.fr/wp-content/uploads/2020/03/radis-199x300.jpg 199w, http://jamaissansmesbottes.fr/wp-content/uploads/2020/03/radis-768x1156.jpg 768w, http://jamaissansmesbottes.fr/wp-content/uploads/2020/03/radis-1020x1536.jpg 1020w, http://jamaissansmesbottes.fr/wp-content/uploads/2020/03/radis.jpg 1280w" sizes="(max-width: 680px) 100vw, 680px" /></figure>
</figure>



<p></p>

<div class="entry-summary">
Le marché à la ferme est actuellement fermé. Nous vous tiendrons informé&hellip;
</div>
<div class="link-more"><a href="http://jamaissansmesbottes.fr/index.php/vente-a-la-ferme/" class="more-link">Continue reading<span class="screen-reader-text"> &ldquo;Vente à la ferme&rdquo;</span>&hellip;</a></div>

<!-- This site is optimized with the Yoast SEO plugin v20.4 - https://yoast.com/wordpress/plugins/seo/ -->
<title>Vente à la ferme - Jamais sans mes bottes</title>
<meta name="robots" content="index, follow, max-snippet:-1, max-image-preview:large, max-video-preview:-1" />
<link rel="canonical" href="http://jamaissansmesbottes.fr/index.php/vente-a-la-ferme/" />
<meta property="og:locale" content="fr_FR" />
<meta property="og:type" content="article" />
<meta property="og:title" content="Vente à la ferme - Jamais sans mes bottes" />
<meta property="og:description" content="Le marché à la ferme est actuellement fermé. Nous vous tiendrons informé&hellip; Continue reading &ldquo;Vente à la ferme&rdquo;&hellip;" />
<meta property="og:url" content="http://jamaissansmesbottes.fr/index.php/vente-a-la-ferme/" />
<meta property="og:site_name" content="Jamais sans mes bottes" />
<meta property="article:modified_time" content="2024-04-09T15:51:28+00:00" />
<meta property="og:image" content="http://jamaissansmesbottes.fr/wp-content/uploads/2023/08/IMG20230605095847-1024x471.jpg" />
<meta name="twitter:card" content="summary_large_image" />
<meta name="twitter:label1" content="Durée de lecture estimée" />
	<meta name="twitter:data1" content="2 minutes" />
<script type="application/ld+json" class="yoast-schema-graph">{"@context":"https://schema.org","@graph":[{"@type":"WebPage","@id":"http://jamaissansmesbottes.fr/index.php/vente-a-la-ferme/","url":"http://jamaissansmesbottes.fr/index.php/vente-a-la-ferme/","name":"Vente à la ferme - Jamais sans mes bottes","isPartOf":{"@id":"https://jamaissansmesbottes.fr/#website"},"datePublished":"2020-03-28T19:19:58+00:00","dateModified":"2024-04-09T15:51:28+00:00","breadcrumb":{"@id":"http://jamaissansmesbottes.fr/index.php/vente-a-la-ferme/#breadcrumb"},"inLanguage":"fr-FR","potentialAction":[{"@type":"ReadAction","target":["http://jamaissansmesbottes.fr/index.php/vente-a-la-ferme/"]}]},{"@type":"BreadcrumbList","@id":"http://jamaissansmesbottes.fr/index.php/vente-a-la-ferme/#breadcrumb","itemListElement":[{"@type":"ListItem","position":1,"name":"Accueil","item":"https://jamaissansmesbottes.fr/"},{"@type":"ListItem","position":2,"name":"Vente à la ferme"}]},{"@type":"WebSite","@id":"https://jamaissansmesbottes.fr/#website","url":"https://jamaissansmesbottes.fr/","name":"Jamais sans mes bottes","description":"","publisher":{"@id":"https://jamaissansmesbottes.fr/#organization"},"potentialAction":[{"@type":"SearchAction","target":{"@type":"EntryPoint","urlTemplate":"https://jamaissansmesbottes.fr/?s={search_term_string}"},"query-input":"required name=search_term_string"}],"inLanguage":"fr-FR"},{"@type":"Organization","@id":"https://jamaissansmesbottes.fr/#organization","name":"jamais sans mes bottes","url":"https://jamaissansmesbottes.fr/","logo":{"@type":"ImageObject","inLanguage":"fr-FR","@id":"https://jamaissansmesbottes.fr/#/schema/logo/image/","url":"http://jamaissansmesbottes.fr/wp-content/uploads/2020/03/JSMB.jpg","contentUrl":"http://jamaissansmesbottes.fr/wp-content/uploads/2020/03/JSMB.jpg","width":2538,"height":1863,"caption":"jamais sans mes bottes"},"image":{"@id":"https://jamaissansmesbottes.fr/#/schema/logo/image/"}}]}</script>
<!-- / Yoast SEO plugin. -->

Vente à la ferme - Jamais sans mes bottes

Le marché à la ferme est actuellement fermé. Nous vous tiendrons informé&hellip; Continue reading &ldquo;Vente à la ferme&rdquo;&hellip;
