{"id":14,"date":"2020-03-28T19:48:08","date_gmt":"2020-03-28T18:48:08","guid":{"rendered":"http:\/\/jamaissansmesbottes.fr\/?page_id=14"},"modified":"2023-08-15T10:55:43","modified_gmt":"2023-08-15T08:55:43","slug":"qui-sommes-nous","status":"publish","type":"page","link":"https:\/\/jamaissansmesbottes.fr\/index.php\/qui-sommes-nous\/","title":{"rendered":"Qui sommes nous"},"content":{"rendered":"<div class=\"wp-block-image is-style-circle-mask\">\n<figure class=\"alignleft\"><img decoding=\"async\" src=\"http:\/\/jamaissansmesbottes.fr\/wp-content\/uploads\/2020\/03\/Laetitia-1-150x150.jpg\" alt=\"L\u2019attribut alt de cette image est vide, son nom de fichier est Laetitia-1-150x150.jpg.\"\/><\/figure><\/div>\n\n\n<p><br>Apr\u00e8s 5 ans de salariat en mara\u00eechage, j&rsquo;ai obtenu mon BPREA (dipl\u00f4me de responsable d&rsquo;exploitation agricole) en 2018 au CFPPA de Saint-Ismier. <\/p>\n\n\n\n<p>Durant cette formation, j&rsquo;ai fait plusieurs stages, ainsi que 2 saisons \u00e0 la ferme communale.  <\/p>\n\n\n\n<p>                                  Laetitia<\/p>\n\n\n\n<p><br><\/p>\n\n\n<div class=\"wp-block-image is-style-circle-mask\">\n<figure class=\"alignleft size-thumbnail\"><img decoding=\"async\" loading=\"lazy\" width=\"150\" height=\"150\" src=\"http:\/\/jamaissansmesbottes.fr\/wp-content\/uploads\/2020\/03\/benbri-150x150.jpg\" alt=\"\" class=\"wp-image-72\"\/><\/figure><\/div>\n\n\n<p> <br> Apr\u00e8s avoir obtenu mon BPREA en 2013, j&rsquo;ai travaill\u00e9 3 ans en \u00e9levage. <\/p>\n\n\n\n<p>J&rsquo;ai effectu\u00e9 des stages et travaux saisonniers  pendant un an sur la ferme communale.<\/p>\n\n\n\n<p>Benjamin<\/p>\n\n\n\n<p><br><\/p>\n\n\n\n<p>L&rsquo;opportunit\u00e9 de faire perdurer une agriculture saine et respectueuse de l&rsquo;environnement et des Hommes nous a s\u00e9duite.<\/p>\n\n\n\n<p><\/p>\n\n\n\n<p> Au plaisir de vous voir prochainement. <\/p>\n","protected":false},"excerpt":{"rendered":"<div class=\"entry-summary\">\nApr\u00e8s 5 ans de salariat en mara\u00eechage, j&rsquo;ai obtenu mon BPREA (dipl\u00f4me&hellip;\n<\/div>\n<div class=\"link-more\"><a href=\"https:\/\/jamaissansmesbottes.fr\/index.php\/qui-sommes-nous\/\" class=\"more-link\">Continue reading<span class=\"screen-reader-text\"> &ldquo;Qui sommes nous&rdquo;<\/span>&hellip;<\/a><\/div>\n","protected":false},"author":1,"featured_media":0,"parent":0,"menu_order":0,"comment_status":"closed","ping_status":"closed","template":"page-template\/_fullwidth.php","meta":[],"yoast_head":"<!-- This site is optimized with the Yoast SEO plugin v20.4 - https:\/\/yoast.com\/wordpress\/plugins\/seo\/ -->\n<title>Qui sommes nous - Jamais sans mes bottes<\/title>\n<meta name=\"robots\" content=\"index, follow, max-snippet:-1, max-image-preview:large, max-video-preview:-1\" \/>\n<link rel=\"canonical\" href=\"https:\/\/jamaissansmesbottes.fr\/index.php\/qui-sommes-nous\/\" \/>\n<meta property=\"og:locale\" content=\"fr_FR\" \/>\n<meta property=\"og:type\" content=\"article\" \/>\n<meta property=\"og:title\" content=\"Qui sommes nous - Jamais sans mes bottes\" \/>\n<meta property=\"og:description\" content=\"Apr\u00e8s 5 ans de salariat en mara\u00eechage, j&rsquo;ai obtenu mon BPREA (dipl\u00f4me&hellip; Continue reading &ldquo;Qui sommes nous&rdquo;&hellip;\" \/>\n<meta property=\"og:url\" content=\"https:\/\/jamaissansmesbottes.fr\/index.php\/qui-sommes-nous\/\" \/>\n<meta property=\"og:site_name\" content=\"Jamais sans mes bottes\" \/>\n<meta property=\"article:modified_time\" content=\"2023-08-15T08:55:43+00:00\" \/>\n<meta property=\"og:image\" content=\"http:\/\/jamaissansmesbottes.fr\/wp-content\/uploads\/2020\/03\/Laetitia-1-150x150.jpg\" \/>\n<meta name=\"twitter:card\" content=\"summary_large_image\" \/>\n<meta name=\"twitter:label1\" content=\"Dur\u00e9e de lecture estim\u00e9e\" \/>\n\t<meta name=\"twitter:data1\" content=\"1 minute\" \/>\n<script type=\"application\/ld+json\" class=\"yoast-schema-graph\">{\"@context\":\"https:\/\/schema.org\",\"@graph\":[{\"@type\":\"WebPage\",\"@id\":\"https:\/\/jamaissansmesbottes.fr\/index.php\/qui-sommes-nous\/\",\"url\":\"https:\/\/jamaissansmesbottes.fr\/index.php\/qui-sommes-nous\/\",\"name\":\"Qui sommes nous - Jamais sans mes bottes\",\"isPartOf\":{\"@id\":\"http:\/\/jamaissansmesbottes.fr\/#website\"},\"datePublished\":\"2020-03-28T18:48:08+00:00\",\"dateModified\":\"2023-08-15T08:55:43+00:00\",\"breadcrumb\":{\"@id\":\"https:\/\/jamaissansmesbottes.fr\/index.php\/qui-sommes-nous\/#breadcrumb\"},\"inLanguage\":\"fr-FR\",\"potentialAction\":[{\"@type\":\"ReadAction\",\"target\":[\"https:\/\/jamaissansmesbottes.fr\/index.php\/qui-sommes-nous\/\"]}]},{\"@type\":\"BreadcrumbList\",\"@id\":\"https:\/\/jamaissansmesbottes.fr\/index.php\/qui-sommes-nous\/#breadcrumb\",\"itemListElement\":[{\"@type\":\"ListItem\",\"position\":1,\"name\":\"Accueil\",\"item\":\"https:\/\/jamaissansmesbottes.fr\/\"},{\"@type\":\"ListItem\",\"position\":2,\"name\":\"Qui sommes nous\"}]},{\"@type\":\"WebSite\",\"@id\":\"http:\/\/jamaissansmesbottes.fr\/#website\",\"url\":\"http:\/\/jamaissansmesbottes.fr\/\",\"name\":\"Jamais sans mes bottes\",\"description\":\"\",\"publisher\":{\"@id\":\"http:\/\/jamaissansmesbottes.fr\/#organization\"},\"potentialAction\":[{\"@type\":\"SearchAction\",\"target\":{\"@type\":\"EntryPoint\",\"urlTemplate\":\"http:\/\/jamaissansmesbottes.fr\/?s={search_term_string}\"},\"query-input\":\"required name=search_term_string\"}],\"inLanguage\":\"fr-FR\"},{\"@type\":\"Organization\",\"@id\":\"http:\/\/jamaissansmesbottes.fr\/#organization\",\"name\":\"jamais sans mes bottes\",\"url\":\"http:\/\/jamaissansmesbottes.fr\/\",\"logo\":{\"@type\":\"ImageObject\",\"inLanguage\":\"fr-FR\",\"@id\":\"http:\/\/jamaissansmesbottes.fr\/#\/schema\/logo\/image\/\",\"url\":\"http:\/\/jamaissansmesbottes.fr\/wp-content\/uploads\/2020\/03\/JSMB.jpg\",\"contentUrl\":\"http:\/\/jamaissansmesbottes.fr\/wp-content\/uploads\/2020\/03\/JSMB.jpg\",\"width\":2538,\"height\":1863,\"caption\":\"jamais sans mes bottes\"},\"image\":{\"@id\":\"http:\/\/jamaissansmesbottes.fr\/#\/schema\/logo\/image\/\"}}]}<\/script>\n<!-- \/ Yoast SEO plugin. -->","yoast_head_json":{"title":"Qui sommes nous - Jamais sans mes bottes","robots":{"index":"index","follow":"follow","max-snippet":"max-snippet:-1","max-image-preview":"max-image-preview:large","max-video-preview":"max-video-preview:-1"},"canonical":"https:\/\/jamaissansmesbottes.fr\/index.php\/qui-sommes-nous\/","og_locale":"fr_FR","og_type":"article","og_title":"Qui sommes nous - Jamais sans mes bottes","og_description":"Apr\u00e8s 5 ans de salariat en mara\u00eechage, j&rsquo;ai obtenu mon BPREA (dipl\u00f4me&hellip; Continue reading &ldquo;Qui sommes nous&rdquo;&hellip;","og_url":"https:\/\/jamaissansmesbottes.fr\/index.php\/qui-sommes-nous\/","og_site_name":"Jamais sans mes bottes","article_modified_time":"2023-08-15T08:55:43+00:00","og_image":[{"url":"http:\/\/jamaissansmesbottes.fr\/wp-content\/uploads\/2020\/03\/Laetitia-1-150x150.jpg"}],"twitter_card":"summary_large_image","twitter_misc":{"Dur\u00e9e de lecture estim\u00e9e":"1 minute"},"schema":{"@context":"https:\/\/schema.org","@graph":[{"@type":"WebPage","@id":"https:\/\/jamaissansmesbottes.fr\/index.php\/qui-sommes-nous\/","url":"https:\/\/jamaissansmesbottes.fr\/index.php\/qui-sommes-nous\/","name":"Qui sommes nous - Jamais sans mes bottes","isPartOf":{"@id":"http:\/\/jamaissansmesbottes.fr\/#website"},"datePublished":"2020-03-28T18:48:08+00:00","dateModified":"2023-08-15T08:55:43+00:00","breadcrumb":{"@id":"https:\/\/jamaissansmesbottes.fr\/index.php\/qui-sommes-nous\/#breadcrumb"},"inLanguage":"fr-FR","potentialAction":[{"@type":"ReadAction","target":["https:\/\/jamaissansmesbottes.fr\/index.php\/qui-sommes-nous\/"]}]},{"@type":"BreadcrumbList","@id":"https:\/\/jamaissansmesbottes.fr\/index.php\/qui-sommes-nous\/#breadcrumb","itemListElement":[{"@type":"ListItem","position":1,"name":"Accueil","item":"https:\/\/jamaissansmesbottes.fr\/"},{"@type":"ListItem","position":2,"name":"Qui sommes nous"}]},{"@type":"WebSite","@id":"http:\/\/jamaissansmesbottes.fr\/#website","url":"http:\/\/jamaissansmesbottes.fr\/","name":"Jamais sans mes bottes","description":"","publisher":{"@id":"http:\/\/jamaissansmesbottes.fr\/#organization"},"potentialAction":[{"@type":"SearchAction","target":{"@type":"EntryPoint","urlTemplate":"http:\/\/jamaissansmesbottes.fr\/?s={search_term_string}"},"query-input":"required name=search_term_string"}],"inLanguage":"fr-FR"},{"@type":"Organization","@id":"http:\/\/jamaissansmesbottes.fr\/#organization","name":"jamais sans mes bottes","url":"http:\/\/jamaissansmesbottes.fr\/","logo":{"@type":"ImageObject","inLanguage":"fr-FR","@id":"http:\/\/jamaissansmesbottes.fr\/#\/schema\/logo\/image\/","url":"http:\/\/jamaissansmesbottes.fr\/wp-content\/uploads\/2020\/03\/JSMB.jpg","contentUrl":"http:\/\/jamaissansmesbottes.fr\/wp-content\/uploads\/2020\/03\/JSMB.jpg","width":2538,"height":1863,"caption":"jamais sans mes bottes"},"image":{"@id":"http:\/\/jamaissansmesbottes.fr\/#\/schema\/logo\/image\/"}}]}},"_links":{"self":[{"href":"https:\/\/jamaissansmesbottes.fr\/index.php\/wp-json\/wp\/v2\/pages\/14"}],"collection":[{"href":"https:\/\/jamaissansmesbottes.fr\/index.php\/wp-json\/wp\/v2\/pages"}],"about":[{"href":"https:\/\/jamaissansmesbottes.fr\/index.php\/wp-json\/wp\/v2\/types\/page"}],"author":[{"embeddable":true,"href":"https:\/\/jamaissansmesbottes.fr\/index.php\/wp-json\/wp\/v2\/users\/1"}],"replies":[{"embeddable":true,"href":"https:\/\/jamaissansmesbottes.fr\/index.php\/wp-json\/wp\/v2\/comments?post=14"}],"version-history":[{"count":13,"href":"https:\/\/jamaissansmesbottes.fr\/index.php\/wp-json\/wp\/v2\/pages\/14\/revisions"}],"predecessor-version":[{"id":149,"href":"https:\/\/jamaissansmesbottes.fr\/index.php\/wp-json\/wp\/v2\/pages\/14\/revisions\/149"}],"wp:attachment":[{"href":"https:\/\/jamaissansmesbottes.fr\/index.php\/wp-json\/wp\/v2\/media?parent=14"}],"curies":[{"name":"wp","href":"https:\/\/api.w.org\/{rel}","templated":true}]}}